2702 and 14?
14
Calculate the greatest common factor of 2573 and 2325.
31
Calculate the highest common factor of 338112 and 160.
32
Calculate the highest common factor of 740880 and 1728.
432
Calculate the greatest common divisor of 23374 and 12818.
754
Calculate the greatest common factor of 1020 and 343020.
60
What is the highest common divisor of 40 and 3545?
5
Calculate the highest common factor of 229572 and 1008.
252
What is the greatest common factor of 2859 and 375482?
953
Calculate the greatest common factor of 648 and 16220088.
648
Calculate the highest common divisor of 35853 and 114.
57
Calculate the highest common divisor of 68 and 101762.
34
What is the greatest common divisor of 97342 and 7?
7
Calculate the highest common factor of 41 and 63099.
41
Calculate the greatest common factor of 1767 and 692493.
57
Calculate the highest common factor of 80 and 410740.
20
What is the greatest common factor of 3300 and 4686?
66
Calculate the highest common factor of 13617 and 1780.
89
What is the highest common factor of 20000 and 25?
25
What is the greatest common divisor of 17038 and 126?
14
What is the highest common factor of 1650 and 6798?
66
Calculate the highest common factor of 3837 and 39.
3
Calculate the greatest common factor of 1062 and 954.
18
What is the highest common factor of 293052 and 1416?
12
What is the greatest common divisor of 476248 and 826?
118
What is the greatest common divisor of 3629 and 665?
19
Calculate the greatest common divisor of 1079 and 124832.
83
Calculate the greatest common divisor of 990 and 50688.
198
Calculate the greatest common divisor of 640 and 14208.
128
What is the highest common factor of 57988 and 13734?
1526
What is the greatest common divisor of 471036 and 14892?
204
What is the highest common divisor of 107520 and 105?
105
What is the highest common divisor of 512 and 24128?
64
What is the highest common factor of 1442 and 3090?
206
Calculate the greatest common factor of 27 and 69354.
9
Calculate the greatest common divisor of 2568882 and 6.
6
What is the highest common factor of 5312 and 392?
8
What is the greatest common divisor of 125 and 1103425?
25
Calculate the highest common factor of 200 and 520640.
40
What is the greatest common factor of 162 and 1782?
162
Calculate the greatest common divisor of 1105 and 152035.
65
Calculate the greatest common divisor of 75 and 2423400.
75
What is the highest common divisor of 13783 and 3222?
179
Calculate the highest common divisor of 5430 and 2400.
30
Calculate the highest common factor of 440 and 740696.
88
What is the greatest common factor of 16671 and 15?
3
What is the highest common divisor of 30 and 210435?
15
Calculate the highest common factor of 1083410 and 255.
85
Calculate the highest common divisor of 655 and 171217.
131
What is the greatest common factor of 8 and 5061436?
4
What is the highest common divisor of 135 and 897?
3
What is the greatest common divisor of 8174 and 976?
122
Calculate the greatest common factor of 191 and 541103.
191
What is the greatest common factor of 7821 and 143?
11
What is the highest common factor of 390411 and 189?
63
Calculate the greatest common factor of 560970 and 69.
69
Calculate the highest common divisor of 254502 and 486.
162
Calculate the highest common factor of 7676 and 400364.
404
Calculate the highest common divisor of 440 and 18560.
40
Calculate the highest common factor of 10 and 633845.
5
What is the highest common divisor of 2832 and 108?
12
Calculate the highest common divisor of 1029 and 379113.
147
What is the greatest common divisor of 196908 and 549?
183
What is the highest common divisor of 3040 and 4295?
5
Calculate the greatest common divisor of 967168 and 43447.
1889
Calculate the highest common divisor of 285285 and 84.
21
What is the greatest common factor of 6380 and 55?
55
Calculate the highest common divisor of 16016 and 231154.
154
What is the highest common factor of 2670498 and 18?
18
What is the highest common factor of 3150 and 61575?
75
What is the greatest common divisor of 55 and 2167935?
55
What is the greatest common divisor of 180 and 34140?
60
What is the greatest common factor of 77 and 30976?
11
Calculate the highest common factor of 693642 and 52113.
1797
Calculate the greatest common factor of 283 and 222721.
283
Calculate the highest common divisor of 288 and 9684.
36
Calculate the greatest common divisor of 382 and 229582.
382
What is the highest common divisor of 34 and 2669?
17
What is the highest common factor of 16 and 8426400?
16
Calculate the greatest common divisor of 78 and 714701.
13
Calculate the highest common factor of 1164 and 168.
12
What is the greatest common factor of 97036 and 68?
68
What is the highest common divisor of 7 and 1383767?
7
What is the greatest common factor of 52 and 4076?
4
What is the highest common divisor of 2743 and 4602?
13
What is the highest common divisor of 125 and 2330925?
25
What is the greatest common factor of 290 and 275950?
10
What is the highest common divisor of 7208 and 90206?
106
Calculate the highest common divisor of 610668 and 24.
12
What is the highest common factor of 20 and 52090?
10
Calculate the highest common divisor of 345 and 151455.
345
What is the highest common divisor of 11319 and 5439?
147
What is the highest common factor of 69 and 115920?
69
Calculate the greatest common divisor of 20580 and 795.
15
What is the highest common divisor of 8 and 491756?
4
What is the highest common factor of 176943 and 169?
169
Calculate the greatest common factor of 63394 and 8642.
58
Calculate the highest common divisor of 20888 and 568.
8
What is the highest common factor of 57225 and 525?
525
Calculate the greatest common factor of 813 and 2625719.
271
Calculate the highest common factor of 29924 and 20.
4
Calculate the greatest common divisor of 1473088 and 16.
16
Calculate the greatest common factor of 8700 and 92220.
1740
What is the highest common factor of 188464 and 16?
16
Calculate the highest common divisor of 128419 and 106.
53
Calculate the highest common divisor of 16262 and 658.
94
What is the greatest common factor of 41481 and 99?
99
What is the highest common factor of 30636 and 96237?
333
What is the highest common factor of 12 and 137604?
12
What is the greatest common divisor of 276 and 94208?
92
Calculate the highest common factor of 10682 and 2842.
98
What is the highest common divisor of 1143 and 1111631?
127
What is the highest common factor of 7882 and 284878?
1126
What is the greatest common divisor of 356944 and 1344?
112
Calculate the highest common factor of 2425485 and 1164.
291
What is the greatest common divisor of 5 and 25?
5
Calculate the greatest common divisor of 193720 and 40.
40
What is the greatest common factor of 12186 and 63?
9
What is the highest common divisor of 1786 and 116983?
893
What is the greatest common factor of 1992848 and 104?
104
Calculate the highest common factor of 2273065 and 213.
71
Calculate the greatest common divisor of 469 and 3759973.
469
What is the greatest common divisor of 751 and 1504253?
751
What is the highest common factor of 192 and 2856?
24
What is the highest common divisor of 9618324 and 276?
276
Calculate the highest common factor of 80812 and 25988.
356
What is the highest common factor of 20992 and 63796?
164
Calculate the greatest common divisor of 297 and 4191.
33
Calculate the highest common factor of 86330 and 194.
194
Calculate the greatest common divisor of 17071 and 26599.
397
Calculate the highest common factor of 1515782 and 226.
226
Calculate the highest common divisor of 72359 and 14.
7
Calculate the greatest common divisor of 4539 and 33375.
267
Calculate the highest common divisor of 44 and 769549.
11
Calculate the greatest common factor of 548 and 949958.
274
What is the highest common divisor of 172 and 31175?
43
What is the greatest common divisor of 57307 and 34?
17
Calculate the highest common divisor of 106758 and 2.
2
Calculate the greatest common factor of 8883 and 3456.
27
What is the greatest common divisor of 18881 and 478?
239
Calculate the greatest common divisor of 50314 and 44.
22
What is the greatest common divisor of 233807 and 635?
127
Calculate the greatest common factor of 194